ivided by 11.
4
Calculate the remainder when 2394 is divided by 16.
10
Calculate the remainder when 100 is divided by 14.
2
What is the remainder when 1361 is divided by 29?
27
What is the remainder when 867 is divided by 38?
31
What is the remainder when 59 is divided by 39?
20
Calculate the remainder when 152 is divided by 13.
9
Calculate the remainder when 944 is divided by 15.
14
Calculate the remainder when 637 is divided by 64.
61
Calculate the remainder when 421 is divided by 71.
66
Calculate the remainder when 7051 is divided by 63.
58
What is the remainder when 172 is divided by 61?
50
What is the remainder when 1098 is divided by 1084?
14
What is the remainder when 680 is divided by 63?
50
What is the remainder when 636 is divided by 138?
84
What is the remainder when 8235 is divided by 66?
51
Calculate the remainder when 209 is divided by 23.
2
Calculate the remainder when 816 is divided by 19.
18
What is the remainder when 275 is divided by 47?
40
Calculate the remainder when 383 is divided by 55.
53
What is the remainder when 109 is divided by 47?
15
What is the remainder when 7418 is divided by 45?
38
Calculate the remainder when 31 is divided by 6.
1
What is the remainder when 1548 is divided by 256?
12
What is the remainder when 113 is divided by 49?
15
Calculate the remainder when 57 is divided by 7.
1
What is the remainder when 492 is divided by 121?
8
What is the remainder when 659 is divided by 30?
29
What is the remainder when 229 is divided by 29?
26
What is the remainder when 264 is divided by 88?
0
What is the remainder when 94 is divided by 41?
12
Calculate the remainder when 930 is divided by 239.
213
What is the remainder when 847 is divided by 53?
52
Calculate the remainder when 121 is divided by 60.
1
Calculate the remainder when 43 is divided by 17.
9
Calculate the remainder when 107 is divided by 39.
29
What is the remainder when 86 is divided by 48?
38
What is the remainder when 1902 is divided by 56?
54
Calculate the remainder when 450 is divided by 22.
10
Calculate the remainder when 244 is divided by 5.
4
Calculate the remainder when 329 is divided by 55.
54
Calculate the remainder when 1291 is divided by 50.
41
What is the remainder when 316 is divided by 132?
52
What is the remainder when 133 is divided by 27?
25
Calculate the remainder when 4656 is divided by 1551.
3
What is the remainder when 224 is divided by 45?
44
Calculate the remainder when 4285 is divided by 42.
1
Calculate the remainder when 15654 is divided by 101.
100
Calculate the remainder when 2091 is divided by 54.
39
What is the remainder when 2967 is divided by 28?
27
What is the remainder when 106 is divided by 16?
10
Calculate the remainder when 15243 is divided by 22.
19
What is the remainder when 237 is divided by 48?
45
Calculate the remainder when 13724 is divided by 6859.
6
What is the remainder when 3627 is divided by 30?
27
Calculate the remainder when 705 is divided by 6.
3
What is the remainder when 5218 is divided by 17?
16
Calculate the remainder when 286 is divided by 94.
4
What is the remainder when 342 is divided by 87?
81
Calculate the remainder when 1897 is divided by 76.
73
What is the remainder when 700 is divided by 189?
133
Calculate the remainder when 106 is divided by 12.
10
Calculate the remainder when 487 is divided by 160.
7
Calculate the remainder when 12590 is divided by 9.
8
Calculate the remainder when 3547 is divided by 71.
68
What is the remainder when 1784 is divided by 105?
104
Calculate the remainder when 190 is divided by 96.
94
Calculate the remainder when 404 is divided by 45.
44
Calculate the remainder when 254 is divided by 30.
14
Calculate the remainder when 468 is divided by 11.
6
Calculate the remainder when 3812 is divided by 473.
28
Calculate the remainder when 809 is divided by 168.
137
What is the remainder when 961 is divided by 22?
15
Calculate the remainder when 372 is divided by 11.
9
What is the remainder when 1461 is divided by 5?
1
What is the remainder when 549 is divided by 397?
152
What is the remainder when 104 is divided by 5?
4
What is the remainder when 4216 is divided by 41?
34
What is the remainder when 243 is divided by 231?
12
Calculate the remainder when 481 is divided by 69.
67
What is the remainder when 196 is divided by 20?
16
Calculate the remainder when 4288 is divided by 2142.
4
What is the remainder when 18196 is divided by 130?
126
What is the remainder when 511 is divided by 57?
55
Calculate the remainder when 2363 is divided by 197.
196
Calculate the remainder when 45 is divided by 3.
0
What is the remainder when 393 is divided by 135?
123
What is the remainder when 320 is divided by 23?
21
Calculate the remainder when 351 is divided by 11.
10
What is the remainder when 8993 is divided by 52?
49
Calculate the remainder when 30 is divided by 18.
12
What is the remainder when 874 is divided by 48?
10
Calculate the remainder when 84 is divided by 17.
16
What is the remainder when 6462 is divided by 85?
2
Calculate the remainder when 4286 is divided by 15.
11
What is the remainder when 1118 is divided by 14?
12
What is the remainder when 99 is divided by 7?
1
What is the remainder when 181 is divided by 49?
34
What is the remainder when 153 is divided by 25?
3
What is the remainder when 3065 is divided by 146?
145
Calculate the remainder when 622 is divided by 56.
6
What is the remainder when 839 is divided by 140?
139
Calculate the remainder when 442 is divided by 89.
86
What is the remainder when 899 is divided by 41?
38
Calculate the remainder when 5377 is divided by 138.
133
Calculate the remainder when 15125 is divided by 178.
173
What is the remainder when 56 is divided by 12?
8
What is the remainder when 1515 is divided by 127?
118
Calculate the remainder when 1502 is divided by 5.
2
What is the remainder when 2078 is divided by 16?
14
What is the remainder when 2049 is divided by 36?
33
Calculate the remainder when 93 is divided by 50.
43
What is the remainder when 65 is divided by 34?
31
What is the remainder when 908 is divided by 13?
11
Calculate the remainder when 397 is divided by 135.
127
What is the remainder when 1047 is divided by 6?
3
What is the remainder when 67 is divided by 36?
31
Calculate the remainder when 84 is divided by 24.
12
What is the remainder when 712 is divided by 695?
17
What is the remainder when 626 is divided by 9?
5
What is the remainder when 158 is divided by 87?
71
What is the remainder when 444 is divided by 397?
47
Calculate the remainder when 275 is divided by 40.
35
Calculate the remainder when 255 is divided by 129.
126
Calculate the remainder when 278 is divided by 59.
42
What is the remainder when 29504 is divided by 15?
14
Calculate the remainder when 1047 is divided by 150.
147
Calculate the remainder when 220 is divided by 44.
0
What is the remainder when 189 is divided by 28?
21
What is the remainder when 1314 is divided by 20?
14
Calculate the remainder when 239 is divided by 11.
8
Calculate the remainder when 393 is divided by 64.
9
Calculate the remainder when 62 is divided by 35.
27
Calculate the remainder when 489 is divided by 35.
34
What is the remainder when 9083 is divided by 3?
2
Calculate the remainder when 1612 is divided by 20.
12
Calculate the remainder when 40 is divided by 12.
4
Calculate the remainder when 256 is divided by 73.
37
What is the remainder when 244 is divided by 234?
10
Calculate the remainder when 489 is divided by 127.
108
Calculate the remainder when 611 is divided by 96.
35
What is the remainder when 118 is divided by 29?
2
What is the remainder when 104 is divided by 30?
14
What is the remainder when 138 is divided by 28?
26
What is the remainder when 2035 is divided by 227?
219
Calculate the remainder when 96 is divided by 67.
29
What is the remainder when 651 is divided by 19?
5
Calculate the remainder when 8833 is divided by 134.
123
What is the remainder when 458 is divided by 77?
73
What is the remainder when 307 is divided by 14?
13
Calculate the remainder when 1436 is divided by 360.
356
Calculate the remainder when 13418 is divided by 7.
6
What is the remainder when 814 is divided by 89?
13
Calculate the remainder when 208 is divided by 46.
24
Calculate the remainder wh